4 + -636)*(-4)/6 is divided by 58.
54
Suppose 9 = r + 1. Suppose 3 - 73 = -i. Suppose l = 3*c + 15, 5*c = -2*l + 3*c + i. What is the remainder when l is divided by r?
6
Let w(k) = 214*k + 7. Let a be w(1). Suppose 5*f + 3*u - a = 0, -u + 0*u = 2*f - 89. What is the remainder when f is divided by 16?
14
Let u = -128 - -128. Let p(h) = -h + 11. Let i be p(5). Let g = i + u. Calculate the remainder when g is divided by 2.
0
Suppose 436 = 4*g - 140. Suppose -3*j + 0*j + g = 0. Suppose 0 = 2*i + 4*w - 42, 33 = 5*i + 4*w - j. Calculate the remainder when 50 is divided by i.
11
Let k = 63 - 114. Let h = 138 + k. Calculate the remainder when h is divided by 11.
10
Suppose -3*w + 3*k - 27 = 0, -2*k - 51 = 4*w - k. Let h = 130 + w. Calculate the remainder when h is divided by 61.
57
Let x = -17 + 21. Suppose 3*g - x = 143. Let s = g - 26. What is the remainder when 90 is divided by s?
21
Suppose -7*u - 651 = -721. What is the remainder when u is divided by 1?
0
Suppose 0 = -4*a - k - 26 + 141, 3*a + 3*k = 93. What is the remainder when 415 is divided by a?
23
Let h(d) = -3*d - 7 + 3 - 9. What is the remainder when 148 is divided by h(-17)?
34
Let p be ((-6)/5)/(-3) - (-80)/50. Calculate the remainder when 6 is divided by p/(-8)*2 - (-117)/26.
2
Let m(z) = -7*z**2 - 102*z - 6. Calculate the remainder when m(-10) is divided by 63.
62
Let w(c) = -572*c**3 + 2*c**2 - c - 2. What is the remainder when w(-1) is divided by 14?
13
Let d = 240 + -197. What is the remainder when d is divided by 20?
3
Let z = 1 - 0. Suppose -2*r - 630 = -8*d, 189 = 3*d + 5*r - 30. What is the remainder when d is divided by 16/2*z*2?
14
Let z = -31 - -32. Calculate the remainder when 6 is divided by 7/z - (4 - 1).
2
Suppose -2*l - 4*o = -20, -l + 3*o = -0*l + 15. Suppose l = 12*v - 300 + 36. Calculate the remainder when v is divided by 3/6 - 25/(-2).
9
Let v(k) = 7 + k**3 - 4*k**2 + 6 - 9 - 2*k + 0*k**2. Let p(y) = y**3 + 2*y**2 - 3*y - 1. Let t be p(-2). Calculate the remainder when 54 is divided by v(t).
16
Let r = 5 + -17. What is the remainder when 60 is divided by (4/r)/((-2)/126)?
18
Let c(g) = -22*g - 347. Let j be (-2 - -2) + (-4)/2. Let z = j + 4. What is the remainder when c(-16) is divided by z?
1
Let j(x) = -x**3 - 27*x**2 - 50*x + 21. What is the remainder when 57 is divided by j(-25)?
15
Suppose 35 = -8*y - 13. Let z(w) = -w**2 - w + 18. What is the remainder when (-1 - 92/12)/(1/y) is divided by z(0)?
16
Suppose 0 = 3*v + 9, v + 2 = h - 3. Let q be h + (6 - (-3 + 6)). Suppose 64 = -q*i + 159. What is the remainder when i is divided by 11?
8
Suppose -26*t + 3221 + 2135 = 0. Calculate the remainder when t is divided by 69.
68
Suppose 408 = 6*x - 294. What is the remainder when x is divided by 8?
5
Let g(m) = -13*m - 25. Let v be g(-13). Suppose 0 = -5*y - v - 71. Let o = -9 - y. What is the remainder when 134 is divided by o?
32
Let j(l) = -l**2 - 6*l - 2. Let d be j(-5). Suppose -i + 17 = h, 0 = 5*h - d*h + 3*i - 35. What is the remainder when h is divided by 10?
6
Let w = 14 - -1. Calculate the remainder when (0 - 7*(-3 + 1))*2 is divided by w.
13
Suppose 5*s = 6*w - 2*w + 68, 4*w - 12 = 0. Calculate the remainder when 140 is divided by s.
12
Suppose 18*r - 754 = -11*r. Calculate the remainder when 440 is divided by r.
24
Suppose 0 = 2*v - 4*g + 4 - 118, 48 = v + g. What is the remainder when 353 is divided by v?
47
Let v = -6 + 37. Let z = 305 - -55. Suppose -z = -4*w - 0*w. What is the remainder when w is divided by v?
28
Suppose 0 = 4*i + 3*c - 342 + 260, 2*c = i - 15. What is the remainder when 414 is divided by i?
15
Suppose 2*i + 4 = 4*c, -2*c - i - 2*i = -10. Suppose 5*o - c*h + 16 = 0, -o + 3*h + 4 = 15. What is the remainder when 2*o*(-124)/16 is divided by 11?
9
Let f(s) = 205*s - 1. Let t be f(-1). Let l = -130 - t. Calculate the remainder when l is divided by (2340/(-108))/((-10)/6).
11
Calculate the remainder when -9 - (-12 + -926 - 6) is divided by 12.
11
Suppose 3*f = 2*u + 21, 26 = 5*f + u + 4. Suppose -f*a + 305 = -0*a. What is the remainder when a is divided by 17?
10
Let j be (-2)/2 + -2 + 105. Calculate the remainder when 13 is divided by (-2)/3 - j/(-18).
3
Let u(o) = o**3 - 25*o**2 + 67*o + 34. Calculate the remainder when u(22) is divided by 32.
24
Let o(z) = z**2 + 2*z. Calculate the remainder when (-3 - 788/(-16)) + 12/16 is divided by o(-6).
23
Suppose 0*c - 5*t = 5*c - 80, 0 = 5*t. Suppose -w = -4*n - c, -2*n = -2*w + 45 + 17. Calculate the remainder when w is divided by 13.
10
Let s be (3 - 5)/(2/(-4)). Let g(v) = 2*v**2 - 7*v + 9. Let d be g(s). Suppose 9*k + d = 10*k. Calculate the remainder when 25 is divided by k.
12
Let g(y) = -4*y**3 - 10*y**2 + 14*y + 1. What is the remainder when 96 is divided by g(-4)?
14
Let n = -85 + 148. Let i be 140/n - (-4)/(-18). Suppose i*x - 2*v = 2, 3*v = -4 + 7. What is the remainder when 6 is divided by x?
0
Let r = -12 + 14. Suppose r*m = m + 5. Calculate the remainder when 28 is divided by m.
3
Let g(k) = -3*k**2 + 3*k + 1. Let t be g(-1). Calculate the remainder when t + 5 + -1 - -168 is divided by 34.
31
Let r = -602 - -677. Calculate the remainder when r is divided by 45.
30
Suppose -39 = -4*r - 5*z, 4*r - 3*z = -2*z + 21. Calculate the remainder when (5/(-2))/(1/(-6)) is divided by r.
3
Let s = -24 + 38. Let c(r) = -27*r. Let k be c(-1). Let b = k - s. What is the remainder when 49 is divided by b?
10
Let d(c) = 2 + 4 - 7*c + 0 - c**3 - 4 - 8*c**2. Let x be d(-7). Suppose -x*u + 12 = -10. What is the remainder when u is divided by 6?
5
Suppose 3*s + 6 = 0, -17 = -c - s + 5*s. What is the remainder when 205 is divided by c?
7
Suppose 4*j = -5*u + 89, -3*u + 2*j = -2*u - 29. What is the remainder when u is divided by 3?
0
Let c = 7 - 5. Suppose 4*l = c*l + 34. Calculate the remainder when l is divided by 4.
1
Suppose 12 + 4 = -2*d. Let s be -4*2/d + 190. Suppose 4*m - 9 - 3 = 0, -4*r = -3*m - s. Calculate the remainder when r is divided by 17.
16
Calculate the remainder when 316 is divided by (1431/(-45))/(9/(-15)).
51
Let l(t) = -3*t - 15. Let p be 3 - (-3)/(-6)*18. What is the remainder when l(p) is divided by 3?
0
Suppose w - 4936 = -4*w + 2*z, 4938 = 5*w - z. Calculate the remainder when w is divided by 10.
8
Let f = 2 - -7. Suppose -4*b + 171 = 4*p - p, 0 = b + p - 42. Suppose f = -k + b. What is the remainder when k is divided by 13?
10
Let u(d) = d**2 + 8*d - 8. Let t(z) = z. Let m = 7 + -6. What is the remainder when t(m) is divided by u(-9)?
0
Suppose 2*u + u - 222 = 0. What is the remainder when u is divided by (38/(-3))/((-10)/15)?
17
Suppose -2*d + 5*d = 18. Suppose 29*l - 30*l = -27. What is the remainder when l is divided by d?
3
Let i = -2437 - -2470. Calculate the remainder when 593 is divided by i.
32
Suppose 5*o + 4*i = -495, -5*o = 3*i - 66 + 556. Let d = o - -230. Calculate the remainder when d is divided by 35.
30
What is the remainder when 14/84 + 767/6 is divided by 19?
14
Suppose -11*u = 1 - 34. Suppose 0 = -6*x + u*x + 39. What is the remainder when x is divided by 8?
5
Let p(l) be the second derivative of 5*l**3/6 - 9*l**2/2 + 3*l. Calculate the remainder when p(14) is divided by 22.
17
Let r(y) = y**3 + 14*y**2 - 34*y + 50. Calculate the remainder when r(-16) is divided by 69.
13
Let p = -111 - -200. What is the remainder when p is divided by ((-99)/18)/(-11)*90?
44
Suppose -6*z + 1249 = 373. What is the remainder when 720 is divided by z?
136
Suppose 37 = r + 4*t, -3*r - 3*t + 2*t + 89 = 0. What is the remainder when 27/18 - (-333)/6 is divided by r?
28
Suppose 3*q - 3515 = -5*u, -70*q + 2344 = -68*q + 4*u. What is the remainder when q is divided by 388?
6
Suppose -39 - 93 = -6*q. Suppose 4*d - 16 = -0. Suppose q = -2*i + d*i. What is the remainder when 30 is divided by i?
8
Suppose -2*z + 148 = 2*z. Calculate the remainder when 10*11 + 6/(1 - 7) is divided by z.
35
Let d(w) = w**2 + 10*w - 12. Let r be d(-12). Suppose r*y = 5*y + 119. What is the remainder when 33 is divided by y?
16
Suppose -17 = -4*z - 13. What is the remainder when (1 - -1 - 1) + 94 is divided by ((-12)/(-2))/(0 + z/4)?
23
Let n = 62 - 30. Let f be (n/(-5))/(10/(-25)). Let k = -11 + f. What is the remainder when 17 is divided by k?
2
Suppose c = 23*x - 22*x + 62, c - 70 = 3*x. Calculate the rema